 4 + 5. Let q(a) = a**2 - 5*a - 4. Calculate q(c).
-4
Let m(q) = -q - 9. Let u be m(-5). Let k = 2 - u. Let g(l) = l - 12. Calculate g(k).
-6
Let y = -195 + 191. Let b(o) be the third derivative of -o**6/120 - o**5/12 - o**4/4 - 2*o**3/3 - o**2. Give b(y).
4
Let v(j) be the second derivative of 0*j**2 + 0 - 2/3*j**3 - 5*j + 1/12*j**4. Give v(4).
0
Suppose -2 = z - 2*u - 0, 2*u = 2*z + 2. Let v be (z - -1)/(2/12). Let y(l) = -6*l - 2 + 2*l + 3*l + v. Calculate y(6).
-2
Let i be 2 - (-3 + 3)/3. Let s(y) = y**3 - y**2 + 4. Let n(v) = v**3 + v**2. Let r(d) = i*n(d) - s(d). Suppose 2*h = -7 + 1. What is r(h)?
-4
Let j(w) = 8*w**2 - w. Let u be j(1). Let i(x) = x**2 - 7*x + 2. Let d be i(u). Let m(k) = 2*k**2 - 5*k + 3*k - k**3 - 2 + 0*k**3. Give m(d).
-6
Let v(r) be the first derivative of r**3/3 - 5*r**2/2 - 5*r + 31. What is v(6)?
1
Let z(y) = y**2 - 2*y. Let k be z(4). Suppose -i = i - k. Let s(f) = 4*f - 2 - 5*f + 2*f. What is s(i)?
2
Let c be -1 - (-9)/(-5 + 2). Let f = c + -1. Let x(u) = u + 7. Calculate x(f).
2
Let n(x) = 11*x**2 + 5*x - 21. Let i = -39 + 26. Let u(h) = 5*h**2 + 2*h - 10. Let l(q) = i*u(q) + 6*n(q). Give l(-4).
4
Let o(p) = p**3 - 6*p**2 + 5*p + 4. Let f = -3 + 7. Give o(f).
-8
Suppose 0 = -2*q + 10 + 2. Let m(i) = i - 7. Let t(j) = 1. Let x(r) = -r**3 - 7*r**2 + 7*r - 4. Let v be x(-8). Let p(f) = v*t(f) + m(f). Give p(q).
3
Suppose 2 = j + 2*x, 3 = 4*j + x + 2. Suppose j = k - 3. Suppose k*w = 4 + 2. Let a(l) = 4*l**2 - 2*l - 2. What is a(w)?
10
Let f(u) = -3*u - 5. Let s(r) = 3*r. Let c be s(-2). Let k be (c/(-5))/(8/20). Suppose -2*a - 20 = k*a. Determine f(a).
7
Let w = -48 + 52. Let c(b) = -b**3 + 6*b**2 - 5*b - 4. Determine c(w).
8
Let k(x) be the first derivative of -x**2/2 - x + 4. Suppose -2 = -3*w + w. Let s be -1 + (-1)/(w/(-5)). What is k(s)?
-5
Let n(p) = 65*p - 1. Let a be n(-1). Let h be 6/15 + a/15. Let g(f) = f**2 + 6*f + 3. Calculate g(h).
-5
Let w = 3 + -1. Let i(m) be the third derivative of m**4/24 + m**3/6 + m**2 - 110. Calculate i(w).
3
Let c(k) = -k**3 - 4*k**2 - 3*k + 4. Suppose 0 = -3*h + h. Let v be (h + (0 - -3))/(-1). Give c(v).
4
Suppose -t + 8*b + 5 = 3*b, -3*b = -2*t + 3. Suppose -3*q = -t*q + 15. Let z(r) = r**2 + 4*r - 1. Give z(q).
4
Let p(w) = w**3 - w**2 - w - 1. Let q(l) = -8*l**3 + 2*l**2 + l + 3. Let b(x) = 2*p(x) + q(x). What is b(1)?
-6
Let s(o) = -21*o**2 - 1 + 22*o**2 + 2 - 3*o. Suppose 0 = 3*g - 0*g. Suppose g - 9 = -3*p. Calculate s(p).
1
Let y(s) = 5*s. Let l(g) = -14*g. Let p(f) = 4*l(f) + 11*y(f). Let c be 12/(-15) - (-1)/(-5). Let o(n) = 5*n + 4. Let d(z) = c*o(z) - 2*p(z). Give d(-3).
5
Let l be -4 + (-5 - -10) - -1. Let s(k) = k**3 - 2*k**2 + k + 1. Determine s(l).
3
Let f be (-4)/(-8) - (-311)/2. Let p be (-1)/5 - f/(-30). Suppose p*k = 9 - 29. Let x(a) = -a**2 - 3*a + 3. Determine x(k).
-1
Let m(j) be the first derivative of -j**4/4 + 5*j**3/3 - 3*j**2/2 - 2*j - 29. Give m(3).
7
Let p be 5/20 - 7/(-4). Let o be (p - 0)*(-115)/(-10). Suppose o + 2 = -5*k. Let a(i) = -i - 2. What is a(k)?
3
Let n(z) = -14*z + 1. Let f(q) = 15*q - 1. Let t be (-28)/(-12)*(2 - -1). Let k = t - 2. Let h(b) = k*f(b) + 6*n(b). Give h(-1).
10
Let m be 5/3 + (-12)/(-9). Suppose 7 + m = 5*k. Let z(q) = q**3 - 2*q - 1. Give z(k).
3
Let k(z) = -2*z**2 - 4*z + z**2 - z + 2. Suppose 0 = 6*i - i - 35. Suppose 8 = -3*j - i. Determine k(j).
2
Let l(a) = a**3 + 6*a**2 - 2*a - 1. Let h(f) = 2*f - 32. Let v be h(13). Calculate l(v).
11
Let y be -1 + 6/4*-2. Let a(w) = -7*w**3 - 8*w**2 + 4*w - 3. Let m = 2 - 0. Let s(k) = 3*k**3 + 4*k**2 - 2*k + 1. Let n(d) = m*a(d) + 5*s(d). Calculate n(y).
7
Let p(q) = q**2 + 14*q - 5. Let n be p(-14). Let d(u) be the first derivative of -1 + 5*u - 5/3*u**3 - 1/4*u**4 + 1/2*u**2. Calculate d(n).
0
Suppose -2*z - 6 = 6. Let g(k) = -k**3 - 3*k**2 - 1 + 6 - 3*k**2. Give g(z).
5
Let j(o) = o**2 - o - 3. Suppose 4*t = -4*k + 6 - 2, 4*t + 2*k = -6. Let m be 40/15*(-6)/t. Let r(s) = 2*s - 4. Let g be r(m). Determine j(g).
9
Let b(i) = i + 1. Let z(r) = r - 4. Let f(x) = 3*b(x) - z(x). Determine f(-8).
-9
Let j be 1 - (-2 - -1)*1. Let h = 4 + j. Let o(p) = -h*p**3 + 7*p**3 - 6 - 6*p**2 - 2*p**3. What is o(-6)?
-6
Suppose 2*v - 2 + 9 = 3*w, 20 = -4*v. Let d(u) be the second derivative of -4*u**3/3 - u**2/2 - u. What is d(w)?
7
Let o(z) be the first derivative of -3*z**2 + 3 - 1/3*z**3 - 5*z. Determine o(-5).
0
Let a(f) = 21*f - 36. Let c(n) = 4*n - 7. Let b(u) = 2*a(u) - 11*c(u). Give b(6).
-7
Let o(h) = -3*h. Suppose 13 = -3*g - 5*p, 0 = -5*g + 3*p - 45 + 12. Let c = -8 - g. What is o(c)?
6
Suppose -y + 6*y + 5*a + 20 = 0, -5*y = a + 4. Let m(p) = p**3 - p**2 + p - 4. Give m(y).
-4
Let v(o) = 4*o + 0 + 3 - 3*o + 0*o. Let p be (5/(-10))/((-1)/36). Suppose 0 = c + 3*f + 18, 5*c + 5*f - p + 58 = 0. Calculate v(c).
0
Let v(z) = z - 3 + 7 + 4*z. Calculate v(-3).
-11
Let d(c) = c**3 + c - 10. Let n be d(0). Let m be n/(-1 + 2 + -3). Let w(s) = 3*s - 7*s**3 - m*s + s + s**2. Determine w(1).
-7
Let z(c) = -1 - 2 - 3*c + 4*c. Let w(h) = -h + 4. Let m be w(4). Give z(m).
-3
Suppose 4*b + 9 = 2*c + 45, -5*b - c = -31. Let o(n) = -n**2 + 7*n - 4. Calculate o(b).
-4
Suppose 0*z + 8 = 4*z. Let a(s) be the first derivative of -2 + 5/2*s**z + 1/3*s**3 - 2*s. Give a(-5).
-2
Let x = -14 - -16. Let i(s) = -4*s + 4*s**x + 0 - 3 - 3*s**2. Calculate i(4).
-3
Suppose -o + 2 = -g, -o = -3*o + 3*g. Let b(s) = s**2 - 6*s + 8. Determine b(o).
8
Let j(u) = -u - 4. Suppose 5*i + 63 = -2*i. Give j(i).
5
Suppose -4*j - 3*d + 16 = -0*d, 13 = 5*j + 2*d. Let y be 2/(-1)*(-1 - 0). Let l(x) = -y*x - x**2 + 1 + j - 2 + 3. Calculate l(2).
-5
Let v(z) = -z - 2. Let y be v(-1). Let d(b) = -5*b**2 + 2*b + 1. Calculate d(y).
-6
Let k(s) be the third derivative of -s**5/10 + s**4/8 + 2*s**2. Let r(o) = -13*o**2 + 7*o. Let c(w) = 9*k(w) - 4*r(w). Let g = -2 - -1. Calculate c(g).
-1
Let w(o) = o**2 + 4*o - 1. Let d = 49 + -55. Determine w(d).
11
Let p(q) = 8 - 3 + 2 + 2*q + q**3 - 6*q**2. Give p(5).
-8
Let z(s) = s - 12. Let j be z(10). Let k(f) = f**3 + f**2 - 2. What is k(j)?
-6
Let c = -1 - -7. Let q(t) = -6*t - 11*t**2 + 0*t - 5 + 12*t**2 + 13. Calculate q(c).
8
Suppose 0 = -4*z + 2*z + 2. Let b(h) = -2*h**2. Calculate b(z).
-2
Let x(l) = -4*l - 10. Let d(y) = -5*y - 10. Let q(s) = 3*d(s) - 4*x(s). Let n(t) = t**3 - 2*t**2 - t - 3. Let m be n(3). Let v be 10/(-3)*m/2. What is q(v)?
5
Suppose -3*w = 3*r + 9, -1 = -2*r - 5. Let k be w*((-9)/(-3))/(-1). Let o(v) = -v**2 + 2*v + 3. Determine o(k).
0
Let l = 0 - -2. Let t(x) = 3*x + x - 4*x - 2*x**l. What is t(1)?
-2
Let m(r) = 1. Let j(i) = -i - 6. Let d(f) = -j(f) - 6*m(f). What is d(-1)?
-1
Let a(u) = u - 7*u**2 - 3 - u**3 + 12*u**2 + 0*u + 0. Let h = -7 + 12. What is a(h)?
2
Suppose 4*l + m - 39 + 0 = 0, 5*m + 45 = 4*l. Let x(h) = 2*h - 8. Give x(l).
12
Let x(u) = -u**2 - 6*u - 6. Let o = 7 - 10. Let w(h) = h - 2. Let k be w(o). What is x(k)?
-1
Let i(g) be the first derivative of -g**3/3 - 2*g**2 - 1. Let x = -14 + 32. Suppose 1 = -2*d + r, -r = d + 2*r + x. Determine i(d).
3
Let d(i) = -3*i + 4. Let o be (-4)/(9/((-135)/20)). What is d(o)?
-5
Let f(z) = -2*z**3 - 4*z**2 + 2*z + 4. Let m(a) = a**3 - 3*a**2 - 7*a + 9. Let k be m(4). Give f(k).
16
Let i(n) = 0 + n**2 + 0*n**2 + 1381*n - 7 - 1382*n. Calculate i(0).
-7
Let d(o) = 5 - 17*o**2 - 7*o + o**3 - o**3 + 22*o**2 + o**3. Calculate d(-6).
11
Let t(x) = -x + 1. Let y(k) = -k**2 + 11*k + 15. Let d be y(12). Determine t(d).
-2
Let k = -16 + 42. Suppose -5*z - 4*m = -37, 2*z - k = -2*z - 2*m. Suppose z*c + 1 = -24. Let v(h) = h + 2. Calculate v(c).
-3
Suppose -4*g = -3*w + 6, 4 + 2 = 3*w + 2*g. Let s(m) be the third derivative of -1/6*m**3 - w*m**2 + 0*m + 1/8*m**4 + 0. Calculate s(1).
2
Let s(a) be the third derivative of -a**4/4 + a**3 - a**2. Let h(p) = 2*p - 2. Let g(k) = -10*h(k) - 3*s(k). What is g(-3)?
8
Let m(l) be the first derivative of -l**2 - l - 2. Let u(n) = -n. Let i be u(-4). Let h be (i - 5)/(1/1). Determine m(h).
1
Let y(j) be the first derivative of -j**4/4 - 2*j**3 - 5*j**2/2 - 3*j + 1. Let m = 24 + -29. Let g be y(m). Let i(r) = -4*r - 4. Give i(g).
8
Let l(i) = -i**3 - 5*i**2 + 4*i + 6. Suppose 5*f = -5*a + 3*f + 51, 65 = 5*a - 5*f. Let j = a + -16. What is l(j)?
-14
Let q(p) = -8*p + 8. Let l(k